3319 (base 11) to base 8
-45111
What is 42821 (base 10) in base 8?
123505
Convert -501823 (base 11) to base 2.
-11000101001010011011
Convert 7500844 (base 9) to base 5.
2012003040
Convert -a8040 (base 16) to base 9.
-1258017
8801045 (base 9) to base 10
4724690
20120102120110 (base 3) to base 16
3549e7
Convert -211102312233 (base 4) to base 14.
-1426c59
Convert 149520 (base 10) to base 7.
1161630
Convert 5233205 (base 6) to base 5.
31102240
Convert 23542 (base 11) to base 5.
2041201
Convert 43144451 (base 6) to base 4.
10312331233
-34207 (base 10) to base 15
-a207
-153122002 (base 6) to base 16
-314972
What is -6511702 (base 9) in base 12?
-1204832
Convert -1467a79 (base 11) to base 8.
-11456460
What is 4db921 (base 14) in base 11?
15725a1
7932 (base 10) to base 3
101212210
Convert -1011000011011100010 (base 2) to base 13.
-c8b34
Convert 14aa6b (base 12) to base 3.
122210220102
What is 200676 (base 11) in base 12?
136a53
Convert 210022332032 (base 4) to base 3.
122211202000212
-11342021230 (base 5) to base 7
-220334245
Convert -188cc8 (base 16) to base 8.
-6106310
Convert -34912 (base 11) to base 6.
-1025033
What is -55178a (base 15) in base 13?
-abc973
What is 125720 (base 8) in base 14?
1205a
What is -101022122010 (base 3) in base 8?
-614564
What is 111212220210202 (base 3) in base 9?
14786722
1b28c9c (base 13) to base 5
4300103022
25155763 (base 8) to base 10
5561331
141455040 (base 6) to base 4
23000101200
What is -126eb (base 15) in base 9?
-88765
Convert -12146136 (base 7) to base 11.
-682a73
Convert -6767202 (base 10) to base 15.
-8da16c
What is -1303301222 (base 4) in base 12?
-1aa522
Convert 11640760 (base 8) to base 12.
a40a68
What is 1e960b (base 15) in base 4?
11232023111
Convert -558b9 (base 15) to base 5.
-32200344
Convert -395a9 (base 16) to base 15.
-49916
-13666646 (base 7) to base 2
-100111011111100101100
What is -239c5 (base 16) in base 5?
-14131421
What is -5548e (base 16) in base 15?
-6d786
Convert -335012 (base 11) to base 13.
-158c33
What is -3033321 (base 6) in base 8?
-432361
-303530051 (base 6) to base 4
-103322303233
What is 251320326 (base 7) in base 5?
13022222411
What is 5612231 (base 8) in base 6?
52230441
Convert 3846683 (base 9) to base 2.
1000000000001011100110
What is 11112403 (base 5) in base 11?
67578
What is -166869 (base 11) in base 13?
-90526
Convert 11120002022 (base 3) to base 13.
31ac3
Convert 3128655 (base 9) to base 5.
412012422
-1404356 (base 10) to base 6
-50033352
-1000101000000110010 (base 2) to base 14
-75030
Convert -42034344 (base 5) to base 2.
-1010100100001110000
Convert 12103031322 (base 5) to base 16.
d752e6
9c02c (base 14) to base 6
12041144
Convert -2952649 (base 11) to base 13.
-1086457
Convert 6744326 (base 8) to base 16.
1bc8d6
What is 11d58d1 (base 14) in base 12?
2a5a6a7
What is -2801bc7 (base 14) in base 12?
-659b72b
What is 168bc2 (base 15) in base 11?
687029
-140277 (base 8) to base 16
-c0bf
145455152 (base 6) to base 2
1011101101110110001100
-324215 (base 11) to base 4
-1332132001
Convert -4505001 (base 7) to base 5.
-120300342
-975c16 (base 14) to base 6
-301504444
What is -111021303 (base 4) in base 14?
-2380b
What is -b594 (base 15) in base 11?
-2692a
1525b (base 12) to base 2
111010000100111
Convert 1d747 (base 16) to base 11.
8270a
Convert -2202540 (base 7) to base 3.
-111201012020
Convert 101001101011001110 (base 2) to base 15.
358a2
What is 66790a (base 11) in base 9?
2002273
What is cc6e (base 16) in base 6?
1042142
Convert -112133103101 (base 4) to base 6.
-330205225
What is -2db32a (base 16) in base 5?
-1231314421
605a59 (base 13) to base 5
1033144012
What is -410224 (base 8) in base 6?
-2522244
19aa32b (base 13) to base 3
120221122200001
What is 52163021 (base 8) in base 12?
3859781
-155437a (base 11) to base 6
-132531203
1103321342 (base 5) to base 12
9798a8
Convert 15747 (base 10) to base 12.
9143
What is 44000132 (base 5) in base 6?
12012150
Convert 4105253 (base 6) to base 14.
513c5
188529 (base 10) to base 13
67a73
-a58d (base 16) to base 10
-42381
What is 2304233 (base 8) in base 16?
9889b
80804b (base 13) to base 12
10011a7
What is d0005 (base 15) in base 4?
2200223102
Convert 4732343 (base 8) to base 2.
100111011010011100011
Convert 100809 (base 11) to base 4.
213203230
What is -222122113 (base 4) in base 16?
-2a697
Convert a8dcc (base 14) to base 4.
1203310020
-110211223 (base 4) to base 16
-1496b
-e7b9c (base 15) to base 10
-734997
-54c196 (base 13) to base 11
-1144717
What is -1214312044 (base 5) in base 16?
-2c069a
What is 103433044 (base 5) in base 3?
211222101220
Convert -12c4e45 (base 15) to base 11.
-7703a94
-13964 (base 12) to base 8
-65234
Convert -996396 (base 10) to base 4.
-3303100230
What is -1020002112200 (base 3) in base 5?
-131321033
-11012011212 (base 3) to base 11
-56a98
Convert -1200000000 (base 3) to base 15.
-9ac0
-14211441 (base 5) to base 2
-100100000100100010
ad3c2 (base 15) to base 9
1028722
-1546316 (base 7) to base 16
-34202
What is 4bdd3 (base 16) in base 13?
ab590
ded2cd (base 15) to base 6
1015422251
Convert -123330343 (base 5) to base 11.
-38368a
46196 (base 15) to base 10
223116
What is -11011111001110000 (base 2) in base 6?
-2241040
What is -75416 (base 9) in base 5?
-3044121
1142204322 (base 5) to base 11
1580328
What is 1b5ccc (base 13) in base 9?
1274322
dca52 (base 15) to base 8
2531030
Convert 1000022010200 (base 3) to base 13.
15a794
3a52eb (base 16) to base 4
32211023223
Convert -63881 (base 15) to base 3.
-121001012011
What is -2694482 (base 11) in base 5?
-2142201340
Convert -1000101000000100111 (base 2) to base 16.
-45027
What is 111130203231 (base 4) in base 6?
320255433
Convert 175358 (base 12) to base 6.
12350152
60b818 (base 12) to base 3
2211212200102
What is -220857 (base 9) in base 7?
-1056415
Convert 24b260 (base 15) to base 6.
101411043
Convert c84b08 (base 15) to base 14.
13a2431
-193317 (base 14) to base 10
-892409
26a90 (base 13) to base 6
1313503
What is 11001010010011010111100 (base 2) in base 11?
3818561
302c (base 15) to base 13
4821
-11110010101010000011000 (base 2) to base 9
-15858221
What is -5fe2c (base 16) in base 14?
-a31b6
-764a (base 16) to base 7
-154200
What is 12560 (base 15) in base 13?
2088c
1001100110011001100100100 (base 2) to base 7
333060520
What is 15127 (base 15) in base 6?
1241414
What is 19d573 (base 14) in base 9?
1652388
What is 21b72b (base 12) in base 15?
a981b
What is -254d69 (base 16) in base 12?
-99a889
-213322230332 (base 4) to base 10
-10464062
-100102212200 (base 3) to base 5
-21421210
14933 (base 15) to base 10
66198
Convert -10332002 (base 6) to base 16.
-4b182
1411111 (base 5) to base 3
1110122121
Convert -31030120 (base 6) to base 3.
-1200020101210
Convert -101212200002 (base 3) to base 5.
-23322320
Convert 43355 (base 8) to base 14.
688d
1207110 (base 12) to base 15
490c50
What is 153626 (base 9) in base 15?
1d036
What is -255ec (base 15) in base 14?
-3177a
1700021 (base 9) to base 6
32130031
-245212104 (base 6) to base 13
-c97987
What is 1600172 (base 9) in base 13?
2502b9
Convert 11011001000010010 (base 2) to base 10.
111122
Convert 3394053 (base 11) to base 9.
12145240
Convert 10986a3 (base 12) to base 4.
30022023123
163407 (base 9) to base 11
69918
-2417 (base 9) to base 7
-5146
-1010311010 (base 4) to base 16
-44d44
-1c90805 (base 13) to base 11
-5427102
17145524 (base 8) to base 14
759d88
2001b3 (base 13) to base 4
2311113311
What is -89160 (base 11) in base 8?
-374416
Convert -11735555 (base 9) to base 8.
-25741360
7057b (base 15) to base 8
1266440
What is 208676 (base 9) in base 2?
11110011001000101
What is a4412 (base 13) in base 3?
112222210020
Convert -34089 (base 15) to base 14.
-4445a
What is 1011102 (base 6) in base 5?
3020311
What is 2751c7 (base 14) in base 3?
2120000201102
Convert -532126 (base 8) to base 12.
-8669a
Convert -11010101100010011 (base 2) to base 15.
-225db
Convert -7a0173 (base 13) to base 4.
-23000110330
What is 10000112202 (base 3) in base 5?
3400242
-260493 (base 11) to base 5
-101114114
Convert 2cb080 (base 14) to base 7.
16214220
Convert 3121120214 (base 5) to base 3.
110002111020110
202010113 (base 4) to base 9
232367
What is -1000000000101111100100101 (base 2) in base 7?
-262545115
Convert -37130 (base 10) to base 5.
-21420